e highest common divisor of 456 and 38.
38
What is the highest common divisor of 1275 and 612?
51
What is the highest common divisor of 160 and 1060?
20
Calculate the highest common factor of 70 and 30.
10
What is the greatest common divisor of 75 and 325?
25
What is the greatest common divisor of 530 and 1484?
106
Calculate the highest common factor of 70 and 1540.
70
What is the greatest common factor of 69 and 39652?
23
Calculate the greatest common factor of 5165 and 5.
5
Calculate the highest common divisor of 115 and 161.
23
What is the greatest common divisor of 28 and 316?
4
What is the greatest common divisor of 42 and 2114?
14
What is the highest common factor of 35 and 2100?
35
Calculate the highest common factor of 425 and 100.
25
What is the greatest common factor of 219 and 81?
3
What is the greatest common divisor of 37 and 703?
37
Calculate the greatest common divisor of 161 and 5957.
161
Calculate the greatest common factor of 22 and 10.
2
What is the greatest common divisor of 105 and 75?
15
What is the greatest common divisor of 4753 and 7?
7
Calculate the greatest common factor of 3034 and 164.
82
Calculate the highest common factor of 560 and 910.
70
Calculate the greatest common divisor of 112 and 98.
14
Calculate the highest common divisor of 2 and 74.
2
Calculate the highest common factor of 416 and 1568.
32
Calculate the greatest common divisor of 630 and 540.
90
What is the highest common factor of 133 and 570?
19
What is the highest common divisor of 26 and 234?
26
What is the greatest common factor of 245 and 85?
5
Calculate the highest common divisor of 140 and 84.
28
Calculate the highest common divisor of 79 and 1027.
79
Calculate the greatest common divisor of 8985 and 30.
15
What is the highest common divisor of 9 and 11?
1
Calculate the highest common divisor of 932 and 8.
4
What is the greatest common factor of 32 and 4952?
8
Calculate the greatest common factor of 1166 and 44.
22
What is the highest common divisor of 126 and 1302?
42
What is the highest common factor of 73 and 1387?
73
Calculate the highest common divisor of 496 and 128.
16
What is the highest common factor of 1554 and 42?
42
Calculate the greatest common factor of 3 and 33.
3
What is the highest common divisor of 20 and 1340?
20
Calculate the highest common divisor of 150 and 2450.
50
Calculate the highest common factor of 23 and 851.
23
What is the highest common factor of 50 and 30?
10
Calculate the highest common factor of 20 and 315.
5
Calculate the highest common divisor of 988 and 684.
76
What is the highest common divisor of 92 and 5?
1
What is the highest common factor of 697 and 51?
17
Calculate the highest common divisor of 2091 and 102.
51
What is the greatest common divisor of 194 and 23474?
194
What is the greatest common factor of 2 and 2902?
2
Calculate the highest common divisor of 32 and 1104.
16
Calculate the greatest common divisor of 203 and 261.
29
Calculate the greatest common factor of 2387 and 1925.
77
Calculate the highest common divisor of 90 and 4122.
18
Calculate the greatest common divisor of 60 and 60.
60
What is the highest common divisor of 14913 and 9?
9
What is the greatest common divisor of 642 and 1819?
107
What is the greatest common divisor of 17976 and 192?
24
What is the highest common divisor of 36 and 16?
4
Calculate the highest common divisor of 96 and 848.
16
Calculate the greatest common divisor of 26 and 16627.
13
Calculate the highest common factor of 23 and 207.
23
Calculate the greatest common divisor of 589 and 57.
19
Calculate the greatest common factor of 375 and 30.
15
Calculate the greatest common divisor of 1888 and 177.
59
Calculate the highest common divisor of 592 and 48.
16
Calculate the greatest common divisor of 2990 and 130.
130
What is the highest common factor of 8 and 394?
2
What is the highest common divisor of 270 and 265?
5
Calculate the greatest common divisor of 104 and 4771.
13
What is the greatest common divisor of 32 and 256?
32
What is the greatest common factor of 16 and 512?
16
Calculate the greatest common divisor of 210 and 42.
42
Calculate the greatest common divisor of 4 and 41348.
4
What is the greatest common divisor of 2397 and 141?
141
Calculate the greatest common divisor of 217 and 31.
31
Calculate the highest common divisor of 13629 and 231.
231
What is the greatest common factor of 114 and 304?
38
Calculate the highest common factor of 1030 and 70.
10
What is the highest common factor of 253 and 44?
11
Calculate the greatest common divisor of 594 and 54.
54
Calculate the highest common factor of 747 and 9.
9
What is the greatest common divisor of 22715 and 231?
77
What is the highest common factor of 33 and 1617?
33
What is the greatest common factor of 5 and 41?
1
Calculate the greatest common divisor of 23 and 1219.
23
What is the greatest common factor of 12 and 3156?
12
What is the highest common factor of 161 and 15571?
23
What is the highest common divisor of 87 and 435?
87
What is the greatest common divisor of 291 and 485?
97
What is the greatest common divisor of 382 and 32?
2
What is the greatest common factor of 3249 and 1653?
57
What is the greatest common divisor of 1665 and 37?
37
What is the highest common divisor of 16373 and 14?
7
Calculate the highest common factor of 22 and 176.
22
Calculate the greatest common divisor of 10 and 640.
10
What is the highest common factor of 140 and 3500?
140
Calculate the greatest common factor of 318 and 6.
6
What is the highest common divisor of 2580 and 60?
60
What is the highest common divisor of 675 and 825?
75
Calculate the greatest common factor of 345 and 10.
5
Calculate the greatest common divisor of 715 and 65.
65
Calculate the greatest common divisor of 1917 and 568.
71
What is the highest common factor of 987 and 21?
21
Calculate the highest common factor of 2704 and 1872.
208
Calculate the greatest common divisor of 76 and 1862.
38
What is the highest common divisor of 21 and 287?
7
Calculate the highest common divisor of 3 and 573.
3
Calculate the highest common factor of 143 and 3839.
11
What is the highest common divisor of 70 and 40?
10
What is the highest common factor of 67 and 3?
1
What is the highest common factor of 1435 and 35?
35
What is the highest common factor of 15 and 625?
5
What is the greatest common divisor of 6138 and 198?
198
Calculate the highest common factor of 836 and 228.
76
Calculate the highest common factor of 798 and 42.
42
What is the greatest common divisor of 279 and 972?
9
Calculate the highest common factor of 434 and 56.
14
What is the highest common divisor of 11720 and 40?
40
Calculate the greatest common divisor of 28 and 140.
28
Calculate the greatest common factor of 39 and 507.
39
What is the greatest common divisor of 30 and 480?
30
What is the highest common factor of 41 and 1271?
41
Calculate the highest common factor of 92 and 23.
23
What is the highest common divisor of 146 and 1?
1
What is the greatest common divisor of 242 and 2?
2
Calculate the highest common factor of 182 and 65.
13
What is the highest common divisor of 94 and 128?
2
What is the highest common divisor of 54 and 2304?
18
Calculate the greatest common divisor of 18 and 756.
18
What is the highest common factor of 5644 and 34?
34
What is the highest common divisor of 1742 and 728?
26
What is the highest common divisor of 18 and 2466?
18
Calculate the greatest common factor of 80 and 464.
16
What is the highest common factor of 1598 and 188?
94
What is the greatest common factor of 11 and 4664?
11
Calculate the highest common divisor of 13905 and 135.
135
Calculate the greatest common divisor of 528 and 18.
6
What is the highest common divisor of 42 and 2352?
42
Calculate the highest common factor of 7928 and 8.
8
Calculate the highest common divisor of 5319 and 81.
27
Calculate the highest common factor of 330 and 99.
33
What is the greatest common divisor of 2133 and 189?
27
Calculate the highest common divisor of 13 and 351.
13
What is the highest common divisor of 153 and 9?
9
Calculate the highest common factor of 708 and 12.
12
What is the greatest common factor of 6 and 81?
3
Calculate the highest common factor of 86 and 473.
43
What is the highest common divisor of